ommon factor of 98 and 42.
14
What is the greatest common factor of 91 and 2912?
91
Calculate the highest common divisor of 1 and 121.
1
Calculate the highest common factor of 54 and 90.
18
Calculate the greatest common divisor of 88 and 462.
22
What is the greatest common factor of 94 and 14194?
94
Calculate the highest common divisor of 18 and 828.
18
Calculate the highest common factor of 113 and 4633.
113
Calculate the greatest common factor of 6643 and 455.
91
What is the highest common factor of 45 and 9?
9
What is the greatest common divisor of 180 and 435?
15
Calculate the highest common divisor of 38 and 494.
38
Calculate the greatest common divisor of 7 and 5327.
7
Calculate the greatest common factor of 55 and 4015.
55
What is the highest common divisor of 1043 and 7?
7
Calculate the highest common factor of 212 and 4.
4
Calculate the highest common divisor of 872 and 545.
109
Calculate the highest common divisor of 355 and 213.
71
What is the highest common factor of 9 and 142?
1
What is the greatest common divisor of 4 and 6?
2
Calculate the greatest common divisor of 5040 and 21.
21
Calculate the highest common divisor of 377 and 319.
29
Calculate the greatest common factor of 9 and 87.
3
What is the highest common divisor of 2160 and 840?
120
Calculate the highest common divisor of 4992 and 432.
48
What is the highest common divisor of 40 and 3260?
20
Calculate the highest common divisor of 48 and 52.
4
What is the highest common factor of 2187 and 1053?
81
Calculate the greatest common divisor of 72 and 90.
18
Calculate the highest common factor of 261 and 58.
29
What is the highest common factor of 214 and 3959?
107
Calculate the greatest common divisor of 260 and 50.
10
Calculate the highest common factor of 663 and 51.
51
What is the highest common factor of 13 and 299?
13
What is the greatest common factor of 400 and 40?
40
Calculate the highest common divisor of 105 and 2385.
15
What is the greatest common divisor of 672 and 18?
6
What is the greatest common factor of 14 and 11620?
14
Calculate the greatest common factor of 996 and 1245.
249
Calculate the highest common factor of 57 and 4161.
57
What is the greatest common factor of 62 and 14198?
62
Calculate the highest common divisor of 668 and 4.
4
Calculate the highest common divisor of 12 and 9.
3
Calculate the greatest common divisor of 27 and 1269.
27
What is the greatest common divisor of 4075 and 125?
25
Calculate the greatest common divisor of 108 and 2112.
12
Calculate the greatest common divisor of 71 and 284.
71
What is the highest common divisor of 1746 and 36?
18
What is the highest common factor of 65 and 494?
13
What is the greatest common divisor of 74 and 148?
74
Calculate the greatest common divisor of 6285 and 45.
15
What is the highest common factor of 713 and 23?
23
What is the highest common divisor of 15 and 3555?
15
Calculate the greatest common factor of 140 and 210.
70
Calculate the greatest common factor of 5264 and 448.
112
What is the greatest common divisor of 1722 and 2337?
123
What is the greatest common divisor of 1813 and 185?
37
Calculate the highest common divisor of 296 and 1924.
148
What is the highest common factor of 36 and 12876?
12
What is the greatest common divisor of 165 and 30?
15
What is the greatest common factor of 138 and 46?
46
What is the highest common factor of 7 and 1?
1
Calculate the greatest common factor of 612 and 180.
36
Calculate the greatest common divisor of 32016 and 72.
24
What is the highest common factor of 555 and 148?
37
Calculate the highest common divisor of 110 and 3905.
55
What is the highest common divisor of 28 and 140?
28
What is the highest common factor of 44 and 99?
11
Calculate the highest common divisor of 670 and 490.
10
Calculate the greatest common factor of 9 and 288.
9
What is the highest common divisor of 94 and 3854?
94
Calculate the highest common factor of 2150 and 86.
86
Calculate the highest common factor of 403 and 104.
13
What is the highest common divisor of 75 and 6?
3
Calculate the highest common factor of 400 and 24.
8
Calculate the greatest common factor of 20 and 8.
4
Calculate the greatest common factor of 62 and 10819.
31
What is the highest common divisor of 48495 and 106?
53
Calculate the highest common divisor of 190 and 95.
95
Calculate the highest common factor of 4 and 174.
2
What is the greatest common divisor of 225 and 1275?
75
Calculate the greatest common divisor of 3146 and 1287.
143
What is the highest common factor of 29304 and 148?
148
Calculate the highest common divisor of 555 and 2553.
111
Calculate the highest common divisor of 20 and 10.
10
Calculate the greatest common factor of 64014 and 282.
282
Calculate the highest common divisor of 2176 and 748.
68
Calculate the highest common divisor of 1425 and 30.
15
What is the greatest common divisor of 103 and 85181?
103
What is the greatest common divisor of 1121 and 19?
19
What is the greatest common factor of 192 and 3?
3
What is the greatest common divisor of 22 and 33?
11
What is the greatest common factor of 488 and 1080?
8
What is the highest common factor of 516 and 6?
6
What is the greatest common divisor of 2 and 2474?
2
What is the greatest common factor of 4632 and 24?
24
What is the greatest common factor of 44 and 5500?
44
What is the greatest common divisor of 64 and 112?
16
Calculate the greatest common factor of 270 and 8235.
135
Calculate the greatest common divisor of 243 and 1233.
9
What is the highest common divisor of 52 and 8788?
52
What is the greatest common divisor of 1056 and 22?
22
What is the highest common factor of 20 and 340?
20
What is the greatest common factor of 50 and 9050?
50
What is the greatest common factor of 10 and 640?
10
Calculate the greatest common divisor of 1081 and 47.
47
What is the highest common divisor of 10 and 414?
2
What is the highest common factor of 390 and 2418?
78
Calculate the greatest common factor of 160 and 60.
20
What is the highest common factor of 1224 and 60?
12
What is the highest common factor of 4485 and 15?
15
Calculate the greatest common divisor of 2 and 197.
1
What is the highest common divisor of 320 and 256?
64
Calculate the greatest common divisor of 295 and 59.
59
Calculate the greatest common divisor of 418 and 407.
11
Calculate the highest common factor of 174 and 8178.
174
What is the greatest common divisor of 38 and 1254?
38
What is the highest common divisor of 90 and 72?
18
Calculate the highest common divisor of 265 and 53.
53
Calculate the greatest common divisor of 1278 and 90.
18
What is the greatest common factor of 40 and 360?
40
What is the highest common divisor of 208 and 1924?
52
What is the greatest common divisor of 16 and 3484?
4
Calculate the greatest common factor of 2249 and 865.
173
What is the highest common factor of 4 and 28?
4
Calculate the greatest common factor of 13 and 1469.
13
Calculate the highest common factor of 321 and 8453.
107
Calculate the greatest common divisor of 4532 and 28.
4
What is the highest common divisor of 126 and 51534?
126
Calculate the greatest common divisor of 4293 and 53.
53
Calculate the highest common divisor of 176 and 4444.
44
What is the greatest common factor of 690 and 60?
30
Calculate the greatest common divisor of 783 and 27.
27
What is the greatest common divisor of 33 and 913?
11
What is the greatest common factor of 253 and 437?
23
Calculate the highest common factor of 276 and 184.
92
Calculate the highest common factor of 36 and 1836.
36
Calculate the highest common divisor of 28 and 23156.
28
What is the highest common factor of 178 and 9523?
89
Calculate the greatest common factor of 315 and 1365.
105
What is the greatest common divisor of 871 and 13?
13
What is the greatest common divisor of 9 and 891?
9
What is the greatest common divisor of 298 and 2384?
298
Calculate the highest common factor of 15755 and 25.
5
Calculate the highest common divisor of 8 and 6.
2
Calculate the highest common divisor of 21 and 25396.
7
What is the highest common factor of 102 and 136?
34
Calculate the highest common divisor of 58 and 29.
29
Calculate the highest common divisor of 690 and 552.
138
What is the greatest common factor of 1018 and 1?
1
What is the highe